5*h = -31*h + 4554. Suppose 0 = 4*n + 3*y - 382, -4*y = -2*n + h + 81. What are the prime factors of n?
2, 47
Let a(j) = -2*j**3 + 15*j**2 + 6*j. Let i(b) = 5*b**3 - 29*b**2 - 13*b + 1. Let d(g) = 7*a(g) + 3*i(g). What are the prime factors of d(-4)?
5, 43
Let z = 92955 - 54722. List the prime factors of z.
13, 17, 173
Suppose 22824 = m + 1330. Suppose -9*q = 13*q - m. What are the prime factors of q?
977
Let x = 3487 + 2798. What are the prime factors of x?
3, 5, 419
Let q(v) be the third derivative of 0*v + 1/20*v**5 + 4/3*v**3 - 5*v**2 + 0 - 3/4*v**4. List the prime factors of q(9).
89
Suppose -4*b + 1370 = u + 99, 0 = -5*b - 2*u + 1591. List the prime factors of b.
317
Let o(m) = 8*m - 22. Let j(s) = -s + 10. Let k be j(7). Suppose k*x = 5*p - 60, -2*x + 17 + 9 = 4*p. List the prime factors of o(p).
2, 5
Suppose 3*l + 4*y + 28 = -2*l, 26 = -4*l - 2*y. Let k(m) = m**2 + 7*m + 9. Let d be k(l). Suppose -i - 1 = -d. List the prime factors of i.
2
Let c = 992 - 1731. Let n = c + 893. List the prime factors of n.
2, 7, 11
Let w(x) = x**3 + 6*x**2 - 2*x + 6. Suppose -2*s = 0, 5*i - 3*i + 2*s = 4. Suppose 4*v = 2*h + 32, -h + 1 = i*v - 3. What are the prime factors of w(h)?
2, 3
Let y = -6888 - -9217. List the prime factors of y.
17, 137
Let w be (-6)/(4/(64/(-12))). Suppose 9*p - w*p - 150 = 0. Suppose -140 = -5*f - 3*a, 3*f - p = -2*f - 5*a. What are the prime factors of f?
5
Let p(h) = -h**3 + 6*h**2 + 5*h - 16. Let m be p(6). Let l(w) = 26*w + 17. What are the prime factors of l(m)?
3, 127
Let h = 609 - 625. List the prime factors of 107 - ((h - -22) + -2 + 1).
2, 3, 17
Suppose 2*g - 4*i = 16, 8*i = 6*i - 8. Suppose g = j - 41 - 98. List the prime factors of j.
139
Let a(x) = 2565*x + 1038. List the prime factors of a(6).
2, 3, 37
Let u = -57 + 51. List the prime factors of (-655 + 2)*(-7 - u).
653
Let o be (-3 - -2) + 0/3 + 4. Suppose -x = k + 9, -4 - 25 = o*x + 5*k. Let r(i) = -i**3 - 9*i**2 - 9*i + 8. List the prime factors of r(x).
2
Let f(y) = 77*y - 25. Let o be f(-8). Let u = o + 1086. What are the prime factors of u?
5, 89
Let i = 268 - 152. Let g = i - 164. Let d = -39 - g. What are the prime factors of d?
3
Let u(l) = 766*l + 901. List the prime factors of u(8).
3, 11, 71
Suppose -69 = 14*h - 97. Suppose 5*a + h*v - 1078 = 6*v, v + 869 = 4*a. List the prime factors of a.
2, 109
Suppose 0 = -4*m - 4*a + 175548, -m + 3*a + 8833 = -35046. What are the prime factors of m?
5, 67, 131
Let b be (0 - -2)/(1 - (-1516)/(-1524)). Suppose -5*t + 2*t + b = 3*p, -p = -4*t - 107. List the prime factors of p.
3, 41
Let s(f) = 119*f - 16 + 148 - 13. What are the prime factors of s(6)?
7, 17
Let d(v) be the third derivative of -v**5/60 + 13*v**4/24 - v**3 + 9*v**2. Let q be d(10). Let a = q - -34. List the prime factors of a.
2, 29
Let h(x) = 224*x - 1123. What are the prime factors of h(42)?
5, 1657
List the prime factors of (-12 - -6)*(-18633)/18.
6211
Let m = -3961 + 16905. List the prime factors of m.
2, 809
Let v = -449 - -455. What are the prime factors of 2/v + 342/27?
13
Let l = 61373 - 42359. What are the prime factors of l?
2, 3, 3169
Let f be 11/((-55)/(-60)) + 3/(-1). Suppose f*w - 1408 = -472. List the prime factors of w.
2, 13
Let p = -32889 - -56110. List the prime factors of p.
11, 2111
Let r(b) = -27*b**3 + b**2 + 9*b + 224. What are the prime factors of r(-8)?
2, 3, 5, 13
Let y = 5808 + 180. What are the prime factors of y?
2, 3, 499
Suppose 0 = -3*b + 2*p + 15879, 3*p = b + b - 10596. List the prime factors of b.
3, 41, 43
Let s(y) = 90*y - 59. Suppose 0 = -2*t + 3*n + 6, -5*n - 12 = -3*t - 2*n. List the prime factors of s(t).
13, 37
Let k = -412 - -324. Let v = -503 + 339. Let n = k - v. What are the prime factors of n?
2, 19
Let f = -97763 - -167435. What are the prime factors of f?
2, 3, 2903
Let h(v) = 919*v - 928. What are the prime factors of h(6)?
2, 2293
Let s(b) = -335*b + 28. List the prime factors of s(-10).
2, 3, 563
List the prime factors of 1575 + (6 - 13) - -7.
3, 5, 7
Suppose 3*u + 0*u - 9 = 0. Let l be 3/2*4/u*2. Suppose -2*g - 31 = -l*w + w, 5*w - 5*g - 50 = 0. List the prime factors of w.
11
Suppose -i + 3*i = 2*m + 12186, -5*m = -3*i + 18271. What are the prime factors of i?
7, 13, 67
Let n = 0 + 8. Suppose 38 - 7782 = -n*o. What are the prime factors of o?
2, 11
Let x = -8 - 3. Let h(v) be the first derivative of v**4/4 + 4*v**3 + 6*v**2 + 24*v - 745. What are the prime factors of h(x)?
13
Let x = -1246 + 2347. List the prime factors of x.
3, 367
Let p = -33 + 6. Let f = 185 + p. Suppose -5*q = -3*q - f. List the prime factors of q.
79
Let c(l) = 4*l**2 - l - 3. Let z be c(-1). List the prime factors of (-467)/(-1) + (-2 - (-2)/z).
2, 233
Let c(h) = -2*h**2 + 639*h - 957. List the prime factors of c(159).
2, 3, 17, 491
Suppose 515 = 2*t + 3*c, 54*t - 55*t + 256 = c. List the prime factors of t.
11, 23
Let z(i) = -i**3 + 39*i**2 - 30*i + 324. What are the prime factors of z(18)?
2, 3, 61
Suppose -4*d - q + 721 = 0, -66 = -d - 3*q + 117. Let k = d + -412. Let p = k + 461. List the prime factors of p.
229
Let r(a) = -6*a - 8. Suppose p - 6 = -4. Let l be ((-30)/p)/(5 - 4). What are the prime factors of r(l)?
2, 41
Let i = -76 - -77. List the prime factors of -2 - (i - 7) - -270.
2, 137
Let x = -2257 + 4072. Let a = -624 + x. List the prime factors of a.
3, 397
Suppose 0*k + 741 = 4*z - k, 3*z = -3*k + 552. Let l = 51 + z. List the prime factors of l.
2, 59
What are the prime factors of (-1)/4 - (-104868)/16?
2, 29, 113
Suppose 0 = r - 1019 - 43. Suppose -4*q + 1746 + r = 0. What are the prime factors of q/7 + 10/(-35)?
2, 5
Let w(k) = k**3 + 5*k**2 - 6. Let b be w(-4). Suppose b*x = -5*x - 15. What are the prime factors of 3*x + 1*(133 - -1)?
131
Let m(z) = -23*z + 7. Let g be m(-13). Let r = -162 + g. Let x = r - 69. What are the prime factors of x?
3, 5
Suppose 3*h = -5*g + 9180, -3*h - 28*g + 24*g + 9177 = 0. What are the prime factors of h?
5, 13, 47
Let g(c) = -c**2 + 10*c - 4. Let x be g(9). Let j be 142/4 + x/10. Let b = j - 3. List the prime factors of b.
3, 11
Suppose 5*w + 460 = -2*j, w + 35 = j - 64. Let v = w - -97. What are the prime factors of v?
3
Suppose 0 = l + 3*y - 70211, 5*l = 4*l - 2*y + 70206. List the prime factors of l.
2, 7, 23, 109
Suppose -237585 - 23115 = -20*s. Suppose 0 = 34*u - 23*u - s. What are the prime factors of u?
3, 5, 79
List the prime factors of 1897 - (1 - (-15 - (-35)/5)).
2, 59
What are the prime factors of 12/(-15) + (-2640937)/(-265)?
5, 1993
Let v(g) be the first derivative of 22*g + 131*g**2 + 14 - 65*g**2 - 68*g**2 + g**3. List the prime factors of v(7).
3, 47
Let v be 4/((-8)/6)*(-1 + -1). Suppose v*z - 299 - 7 = 0. What are the prime factors of z?
3, 17
Let d(x) = 5*x**2 - 22*x - 10. Let c(z) = 6*z**2 - 23*z - 12. Let l(i) = -3*c(i) + 4*d(i). List the prime factors of l(-10).
2, 193
Let w = 457 - 553. Suppose c + 4*c - 625 = 0. Let n = c + w. What are the prime factors of n?
29
Let i(z) = 639*z - 24 + 6 - 820*z. List the prime factors of i(-2).
2, 43
What are the prime factors of ((-3)/(6/(-3254)))/(30/90)?
3, 1627
Let d = 2 - -2. Let m be 2 + 0 - (2 + (1 - d)). List the prime factors of m/2*(-212)/(-6).
53
Suppose a = -4*y + 8 + 58, 5*a + y - 425 = 0. Let o = 767 + a. What are the prime factors of o?
853
Let z = 705 + -769. Suppose -y = d - 2, 2*d - 3*y + 5 = 19. Let f = d - z. What are the prime factors of f?
2, 17
Let h be ((-270)/12)/(-15)*4/(-3). List the prime factors of (-6 - (h - 6)) + 867.
11, 79
Let y = -13 - -15. Suppose -y*n = -0 - 8. Suppose -3*u - n*b = -268, 0 = 5*u - 2*b + 128 - 618. What are the prime factors of u?
2, 3
Suppose 15*w - 10013 = 5287. Let o = 1667 - w. List the prime factors of o.
647
Let v(c) = c**3 + 7*c**2 + 2*c - 9. Let s be v(-4). Suppose -8*q + 9 + s = 0. Suppose -3*j + 4*a = -43, -a + q = j - 0*a. List the prime factors of j.
3
Let s = 7460 + -3263. List the prime factors of s.
3, 1399
Let q(o) = -152*o + 1. Let s be q(-5). Let l = s - 455. Suppose 0 = 5*w - 14*w + l. What are the prime factors of w?
2, 17
Suppose 0 = -150*d + 144*d + 109524. What are the prime factors of d?
2, 9127
Let q = 126 - 71. Let r = q + -50. Suppose -2*o + 175 = r*o. What are the prime factors of o?
5
Suppose 8*j + 3*s = 4*j, -20 = 5*s. Suppose -7